se 9, what is 22 - -142280?
142312
In base 10, what is -10 - 9776?
-9786
In base 2, what is -1111100010 - -110110?
-1110101100
In base 5, what is 244 + -43332?
-43033
In base 12, what is -8729 - 4?
-8731
In base 15, what is -33 - 1977?
-19aa
In base 16, what is -1 - 4d5f?
-4d60
In base 9, what is -3226 - 21?
-3247
In base 15, what is 25e - -8?
267
In base 5, what is -2140431 - -12?
-2140414
In base 16, what is 19 - 789?
-770
In base 5, what is 4 - -1201414?
1201423
In base 5, what is 130 + -1000100?
-444420
In base 16, what is -445ca + -7?
-445d1
In base 9, what is -2 + 2680?
2677
In base 6, what is -15 + 10350?
10331
In base 8, what is -20015 + -106?
-20123
In base 5, what is 10 + -2444?
-2434
In base 3, what is -2201002210111 + 0?
-2201002210111
In base 6, what is 2 - 422030?
-422024
In base 10, what is -480 - 51?
-531
In base 14, what is -15 - 2604?
-2619
In base 7, what is 356444 + 5?
356452
In base 12, what is -4 + 54487?
54483
In base 5, what is 1132 - 1011032?
-1004400
In base 5, what is 2024342001 - -3?
2024342004
In base 7, what is -3 - -55022?
55016
In base 3, what is -101100 + 101212?
112
In base 14, what is -4 - 79a6?
-79aa
In base 5, what is -1220 - -3232?
2012
In base 11, what is -142 - 37?
-179
In base 11, what is -4 + -12223?
-12227
In base 7, what is 1 + 242110?
242111
In base 9, what is 0 + -28031?
-28031
In base 11, what is -235 + -94a?
-1084
In base 10, what is -44 + 6?
-38
In base 5, what is 20 + -2234240?
-2234220
In base 10, what is -4 + -2493?
-2497
In base 12, what is 5 - -3b35?
3b3a
In base 10, what is -1 + -2533?
-2534
In base 15, what is 4 + -136ec0?
-136ebb
In base 14, what is -1038d + 4?
-10389
In base 11, what is -261833 + -3?
-261836
In base 13, what is 3 - -15a?
160
In base 9, what is 345148 + -1?
345147
In base 14, what is -15127 + 1?
-15126
In base 8, what is -105 - -671?
564
In base 2, what is -101101 - -1110000101?
1101011000
In base 5, what is 22010 + -42?
21413
In base 3, what is 2111110012 + -11?
2111110001
In base 2, what is -11111010001110001 + -1?
-11111010001110010
In base 16, what is -270c + 1a?
-26f2
In base 16, what is -d4 - -3d?
-97
In base 9, what is 1526802 + 1?
1526803
In base 6, what is -4 - 12452353?
-12452401
In base 8, what is 1 + -131356?
-131355
In base 2, what is 1100101011000 - -1?
1100101011001
In base 14, what is 22b7 - -5?
22bc
In base 7, what is 401163 + 11?
401204
In base 12, what is -3 - 33862?
-33865
In base 2, what is 1010010 - -101000111100011?
101001000110101
In base 14, what is 70b45 - 0?
70b45
In base 16, what is 55 - 84?
-2f
In base 8, what is -2 - 1136050?
-1136052
In base 10, what is -362 + 129?
-233
In base 3, what is -1222202021 + -111?
-1222202202
In base 12, what is 273019 + 4?
273021
In base 8, what is -3 + -36273?
-36276
In base 15, what is 5 - -2695?
269a
In base 7, what is -32206 - -4?
-32202
In base 4, what is -11 + 21113223?
21113212
In base 3, what is -2102 - -22211020?
22201211
In base 13, what is -140 - b15?
-c55
In base 3, what is 1011121 - -2222?
1021120
In base 13, what is 23 - -751?
774
In base 7, what is -31415 - 1103?
-32521
In base 14, what is 3 - -360d1?
360d4
In base 6, what is -34 - 32210?
-32244
In base 9, what is 5 + -32424?
-32418
In base 7, what is -6216 - 113?
-6332
In base 7, what is -103431 - 53?
-103514
In base 7, what is -6026101 - -3?
-6026065
In base 11, what is 2 + 119a92?
119a94
In base 7, what is 446424 - 42?
446352
In base 7, what is 16 - -240312?
240331
In base 6, what is 2043 - 1050?
553
In base 13, what is 81 - -cc?
180
In base 2, what is 1010110 - -1001010011?
1010101001
In base 5, what is 101321 + -23?
101243
In base 10, what is -71 - -3391?
3320
In base 5, what is 13434 - 414?
13020
In base 4, what is 31 - 232322?
-232231
In base 8, what is 3 + 572200?
572203
In base 4, what is -32211300331 - -11?
-32211300320
In base 16, what is 7 + -16344?
-1633d
In base 5, what is -433131200 - 0?
-433131200
In base 16, what is -5 - -7d67?
7d62
In base 10, what is 3 + -344806?
-344803
In base 11, what is -1 + 6a9?
6a8
In base 12, what is -246 - 2a7?
-531
In base 8, what is 10 + 32744?
32754
In base 5, what is -3 - 23144023?
-23144031
In base 4, what is 11131 + -100?
11031
In base 6, what is 2131 - 5305?
-3134
In base 4, what is -3 + -120003133?
-120003202
In base 5, what is -13 - -4223243?
4223230
In base 11, what is -14987 - -87?
-14900
In base 8, what is 1 + -27747?
-27746
In base 7, what is -25 + 435660?
435632
In base 13, what is 58c9 + -2?
58c7
In base 11, what is -19 + 42?
24
In base 2, what is -110001000 + 11010?
-101101110
In base 2, what is -1100010 + -1001101?
-10101111
In base 16, what is 5 + 274c3?
274c8
In base 9, what is -1320 + 5743?
4423
In base 4, what is 311 + -22030?
-21113
In base 16, what is 16b + 43?
1ae
In base 11, what is 773 + 17?
78a
In base 11, what is 0 - 66092?
-66092
In base 14, what is -5 + 10c90?
10c89
In base 5, what is 324202 - -31?
324233
In base 15, what is -1de9 - 5?
-1dee
In base 15, what is -a897 - -2d?
-a869
In base 13, what is -414c - -364?
-3ab8
In base 9, what is -84303 - 4?
-84307
In base 4, what is -2 - -2030131?
2030123
In base 9, what is 1235 + 2330?
3565
In base 3, what is -22 - 12022200?
-12022222
In base 9, what is 3 - -88852?
88855
In base 8, what is -650 + 426?
-222
In base 4, what is 11221221 + -1?
11221220
In base 6, what is 405 + 30233?
31042
In base 15, what is 4 + 2d632?
2d636
In base 7, what is -1122 + 213?
-606
In base 11, what is 1708759 - 4?
1708755
In base 14, what is 434a7 + 6?
434ad
In base 11, what is 3 - 7166?
-7163
In base 11, what is 29 + -14a96?
-14a68
In base 13, what is 46 - -56c0?
5736
In base 7, what is -2 - -63123?
63121
In base 10, what is 5 - -1323356?
1323361
In base 16, what is 3 + 3eb?
3ee
In base 2, what is 10001 - 10010010100111?
-10010010010110
In base 11, what is 127 + 1233a?
12466
In base 10, what is 224695 - 3?
224692
In base 5, what is -44130 - 10?
-44140
In base 13, what is 993 - 1018?
-355
In base 10, what is 8 - 20098?
-20090
In base 16, what is -11 - 2c40?
-2c51
In base 3, what is 1102110 - -102100?
1211210
In base 6, what is 301 - -22414?
23115
In base 3, what is 102221221 - -2222?
110001220
In base 16, what is -137 + -2?
-139
In base 3, what is 100001200 - 22222?
22201201
In base 7, what is 0 + 1121263?
1121263
In base 16, what is 56dd + a5?
5782
In base 9, what is 415163 + -3?
415160
In base 3, what is -12122 - -1010?
-11112
In base 9, what is 13 - -13030?
13043
In base 11, what is 412 + -181?
241
In base 5, what is -13440142 + -2?
-13440144
In base 15, what is 31a68 + -3?
31a65
In base 11, what is 1 + -7a946?
-7a945
In base 16, what is e5 - -57?
13c
In base 9, what is 0 + 517005?
517005
In base 10, what is 94634 + -2?
94632
In base 15, what is -4 + -3793?
-3797
In base 8, what is -617 + -1671?
-2510
In base 8, what is 133 - -1035?
1170
In base 9, what is -3664 + 110?
-3554
In base 7, what is -100505 - -2?
-100503
In base 9, what is 2467 + -2376?
81
In base 10, what is 580472 - -2?
580474
In base 10, what is 284 + 6573?
6857
In base 13, what is 986332 - 5?
98632a
In base 3, what is 12010011111 - 1?
12010011110
In base 6, what is -12431 - 251?
-13122
In base 8, what is 2 - 16726?
-16724
In base 14, what is 20 - -8c9b?
8cbb
In base 9, what is -31 - 5110?
-5141
In base 2, what is 101 - -10111101010100111?
10111101010101100
In base 12, what is -8697 + 33?
-8664
In base 6, what is -12550 + -3?
-12553
In base 13, what is -5589 + 10?
-5579
In base 11, what is 1192a - 2?
11928
In base 8, what is 1 + 50355?
50356
In base 8, what is 65461 - -35?
65516
In base 14, what is 4 + -26b93?
-26b8d
In base 5, what is -2 - -42023332?
42023330
In base 10, what is 27569 - 38?
27531
In base 8, what is -4 + -77154?
-77160
In base 7, what is -55003044 + 4?
-55003040
In base 2, what is 100110101 - 11010110?
1011111
In base 4, what is -30131023 - -11?
-30131012
In base 9, what is -17232 + -12?
-17244
In base 7, what is -1363556 - 10?
-1363566
In base 5, what is -110244 + -4440?
-120234
In base 5, what is -134343 + -1141?
-141034
In base 8, what is 1400 + -663?
515
In base 13, what is -333 - 52?
-385
In base 4, what is -102211312 + -21?
-102211333
In base 14, what is -1d05b + -5?
-1d062
In base 6, what is -345152 - 3?
-345155
In base 3, what is -1100100 + -1012000?
-2112100